{"id":2,"date":"2014-02-27T19:13:10","date_gmt":"2014-02-27T19:13:10","guid":{"rendered":"http:\/\/localhost\/wordpress-3.7\/wordpress\/?page_id=2"},"modified":"2022-01-30T21:21:28","modified_gmt":"2022-01-30T19:21:28","slug":"quisom","status":"publish","type":"page","link":"https:\/\/doblevuit.com\/blog\/quisom\/","title":{"rendered":"Qui som"},"content":{"rendered":"<table style=\"border: 4px solid black;\">\n<tbody>\n<tr style=\"border: 4px solid black;\">\n<td style=\"border: 4px solid black; text-align: left;\">\n<pre style=\"text-align: center;\"> <a href=\"http:\/\/doblevuit.com\/blog\/wp-content\/uploads\/2014\/07\/logo-oval.png\"><img loading=\"lazy\" decoding=\"async\" class=\"wp-image-485 aligncenter\" src=\"http:\/\/doblevuit.com\/blog\/wp-content\/uploads\/2014\/07\/logo-oval.png\" alt=\"logo-oval\" width=\"253\" height=\"165\" srcset=\"https:\/\/doblevuit.com\/blog\/wp-content\/uploads\/2014\/07\/logo-oval.png 597w, https:\/\/doblevuit.com\/blog\/wp-content\/uploads\/2014\/07\/logo-oval-300x195.png 300w, https:\/\/doblevuit.com\/blog\/wp-content\/uploads\/2014\/07\/logo-oval-250x162.png 250w\" sizes=\"auto, (max-width: 253px) 100vw, 253px\" \/><\/a><span style=\"color: #ff0000;\">CIF G-57622508\n<\/span><a href=\"https:\/\/fbmweb.com\/\"><img loading=\"lazy\" decoding=\"async\" class=\"wp-image-6989 alignleft\" src=\"http:\/\/doblevuit.com\/blog\/wp-content\/uploads\/2021\/09\/Logo-FBME.jpg\" alt=\"\" width=\"123\" height=\"123\" \/><\/a>\n<a href=\"http:\/\/www.federaciobalearespeleologia.org\/\"><img loading=\"lazy\" decoding=\"async\" class=\" wp-image-7171\" src=\"http:\/\/doblevuit.com\/blog\/wp-content\/uploads\/2021\/12\/logo.png\" alt=\"\" width=\"181\" height=\"80\" \/><\/a>        <a href=\"https:\/\/www.caib.es\/govern\/organigrama\/area.do?coduo=195&amp;lang=ca\"><img loading=\"lazy\" decoding=\"async\" class=\"wp-image-7240 alignright\" src=\"http:\/\/doblevuit.com\/blog\/wp-content\/uploads\/2022\/01\/escut_institucional_IB-col-270x300.png\" alt=\"\" width=\"100\" height=\"112\" srcset=\"https:\/\/doblevuit.com\/blog\/wp-content\/uploads\/2022\/01\/escut_institucional_IB-col-270x300.png 270w, https:\/\/doblevuit.com\/blog\/wp-content\/uploads\/2022\/01\/escut_institucional_IB-col-250x278.png 250w, https:\/\/doblevuit.com\/blog\/wp-content\/uploads\/2022\/01\/escut_institucional_IB-col.png 627w\" sizes=\"auto, (max-width: 100px) 100vw, 100px\" \/><\/a><a href=\"http:\/\/fedme.es\/\"><img loading=\"lazy\" decoding=\"async\" class=\" wp-image-7237\" src=\"http:\/\/doblevuit.com\/blog\/wp-content\/uploads\/2022\/01\/LOGO-FEDME.jpg\" alt=\"\" width=\"230\" height=\"81\" srcset=\"https:\/\/doblevuit.com\/blog\/wp-content\/uploads\/2022\/01\/LOGO-FEDME.jpg 267w, https:\/\/doblevuit.com\/blog\/wp-content\/uploads\/2022\/01\/LOGO-FEDME-250x87.jpg 250w\" sizes=\"auto, (max-width: 230px) 100vw, 230px\" \/><\/a><\/pre>\n<\/td>\n<\/tr>\n<tr style=\"border: 2px solid black;\">\n<td style=\"border: 2px solid black;\">\n<h4>Qui som<\/h4>\n<p style=\"text-align: justify;\"><strong>DOBLEVUIT GRUP DE MUNTANYISME<\/strong>, es constitueix a Palma, l\u2019associaci\u00f3 sense \u00e0nim de lucre, l&#8217;1 de Juny de 2009. <strong>Inscrita al registre d\u2019associacions de les Illes Balears amb el n\u00fam, 311000006857<\/strong>, d\u2019acord amb el que estableix la Llei Org\u00e0nica 1\/2002, de 22 de Mar\u00e7, reguladora del dret d\u2019associaci\u00f3.<\/p>\n<p><strong>Membre de:\u00a0 F.B.M.E. &#8211; F.B.E. &#8211; F.E.D.M.E.<\/strong><\/p>\n<p><strong>Inscrit a la D.G.E. del Govern Balear, Registre DC-2734.<\/strong><\/p>\n<p><strong>Doblevuit es marca registrada n\u00ba 3.103.375\u00a0<img loading=\"lazy\" decoding=\"async\" class=\"\" src=\"http:\/\/doblevuit.com\/blog\/wp-content\/uploads\/2015\/11\/mara-registrada.png\" alt=\"mara registrada\" width=\"21\" height=\"21\" \/><\/strong><\/p>\n<h4>Missi\u00f3<\/h4>\n<p style=\"text-align: justify;\">El foment de qualsevol modalitat esportiva, cultural, ecologista, i en especial, el desenvolupament de les activitats relacionades amb la muntanya, per\u00f2 s\u00f3n les activitats, de senderisme, excursionisme, trekking, nordic walking, barranquisme-torrentisme, escalada i espeleologia que amb tota la seva m\u00e9s amplia gamma de variants es practicaran.<\/p>\n<h4>Visi\u00f3<\/h4>\n<p style=\"text-align: justify;\">De tenir i compartir, un millor coneixement sobre el patrimoni hist\u00f2ric, etnol\u00f2gic, natural, cultural i arquitect\u00f2nic de les Illes Balears i molt especialment de la Serra de Tramuntana a l&#8217;illa de Mallorca.<\/p>\n<h4>Valors<\/h4>\n<p style=\"text-align: justify;\">Respectar, protegir, conservar i fomentar el valor universal declarat per l\u2019Unesco Patrimoni Mundial, que representa la Serra de Tramuntana, el seu patrimoni cultural, arquitect\u00f2nic i biodiversitat de especies vegetals i animals que integren l&#8217;entorn natural de ses nostres Illes.<\/p>\n<\/td>\n<\/tr>\n<\/tbody>\n<\/table>\n","protected":false},"excerpt":{"rendered":"<p>CIF G-57622508 Qui som DOBLEVUIT GRUP DE MUNTANYISME, es constitueix a Palma, l\u2019associaci\u00f3 sense \u00e0nim de lucre, l&#8217;1 de Juny de 2009. Inscrita al registre d\u2019associacions de les Illes Balears amb el n\u00fam, 311000006857, d\u2019acord amb el que estableix la Llei Org\u00e0nica 1\/2002, de 22 de Mar\u00e7, reguladora del dret d\u2019associaci\u00f3. Membre de:\u00a0 F.B.M.E. &#8211; [&hellip;]<\/p>\n","protected":false},"author":1,"featured_media":0,"parent":0,"menu_order":0,"comment_status":"closed","ping_status":"open","template":"","meta":{"footnotes":""},"class_list":["post-2","page","type-page","status-publish","hentry"],"_links":{"self":[{"href":"https:\/\/doblevuit.com\/blog\/wp-json\/wp\/v2\/pages\/2","targetHints":{"allow":["GET"]}}],"collection":[{"href":"https:\/\/doblevuit.com\/blog\/wp-json\/wp\/v2\/pages"}],"about":[{"href":"https:\/\/doblevuit.com\/blog\/wp-json\/wp\/v2\/types\/page"}],"author":[{"embeddable":true,"href":"https:\/\/doblevuit.com\/blog\/wp-json\/wp\/v2\/users\/1"}],"replies":[{"embeddable":true,"href":"https:\/\/doblevuit.com\/blog\/wp-json\/wp\/v2\/comments?post=2"}],"version-history":[{"count":5,"href":"https:\/\/doblevuit.com\/blog\/wp-json\/wp\/v2\/pages\/2\/revisions"}],"predecessor-version":[{"id":7242,"href":"https:\/\/doblevuit.com\/blog\/wp-json\/wp\/v2\/pages\/2\/revisions\/7242"}],"wp:attachment":[{"href":"https:\/\/doblevuit.com\/blog\/wp-json\/wp\/v2\/media?parent=2"}],"curies":[{"name":"wp","href":"https:\/\/api.w.org\/{rel}","templated":true}]}}